002
What is 33221002102 (base 4) in base 11?
2350633
What is -1010111101011010 (base 2) in base 8?
-127532
What is -188b27 (base 12) in base 8?
-1510117
What is -11100110100111010111000 (base 2) in base 6?
-425545052
Convert 326606 (base 10) to base 16.
4fbce
Convert -33697 (base 10) to base 6.
-420001
Convert -1687438 (base 9) to base 8.
-3463105
ba091 (base 13) to base 2
1010010000110000011
Convert -452542 (base 6) to base 15.
-b4d2
Convert -4645e (base 15) to base 5.
-24124424
-18e778 (base 16) to base 13
-451b69
What is 263370 (base 10) in base 15?
53080
Convert -a64585 (base 11) to base 8.
-6400672
-87207 (base 9) to base 5
-3322020
67631 (base 11) to base 8
277203
Convert 111001110001101 (base 2) to base 13.
10606
-11111011000110111 (base 2) to base 10
-128567
What is -279b9 (base 13) in base 14?
-1d062
What is -122333213 (base 4) in base 2?
-11010111111100111
What is -1c5395 (base 15) in base 12?
-569305
Convert 3232151 (base 6) to base 16.
270a3
What is 10000001211 (base 3) in base 16?
e6da
What is -10001011313 (base 4) in base 15?
-15c032
Convert -1365341 (base 10) to base 2.
-101001101010101011101
Convert 29542 (base 15) to base 3.
20202011222
-64b9bc (base 13) to base 7
-26061224
What is 3105 (base 7) in base 5?
13313
Convert -1280558 (base 9) to base 14.
-144017
61527 (base 8) to base 4
12031113
Convert -105bc8 (base 13) to base 12.
-166491
1310123443 (base 5) to base 7
36160523
12625505 (base 7) to base 11
72740a
Convert 163051 (base 7) to base 14.
ba98
What is b0d40 (base 15) in base 2?
10001000101011110100
2523110 (base 6) to base 16
21132
Convert -14680297 (base 10) to base 13.
-306cc88
Convert 296248 (base 10) to base 9.
501334
-a3d1a (base 16) to base 7
-5463163
Convert -48446 (base 15) to base 7.
-1646625
What is 2a171 (base 14) in base 4?
121201313
269a32 (base 12) to base 10
639110
Convert -4a81a51 (base 11) to base 3.
-121120220221021
-1342683 (base 9) to base 16
-b3e53
2780813 (base 11) to base 9
10007634
-1528941 (base 10) to base 11
-954797
What is 65340 (base 8) in base 10?
27360
What is -24442040 (base 5) in base 2?
-111001001000100100
1a644a9 (base 11) to base 2
1101010000100110000100
What is 18a25 (base 12) in base 10?
36029
c3b8 (base 14) to base 4
20032032
What is 13334000 (base 5) in base 10?
136750
545df (base 16) to base 15
6c5cc
-113366a (base 12) to base 9
-6184061
Convert -11100000101101001011 (base 2) to base 12.
-384777
What is 20112644 (base 7) in base 8?
6270352
What is 6659 (base 14) in base 4?
10110313
21200020220210 (base 3) to base 16
3e3f40
-4135107 (base 10) to base 15
-56a33c
Convert 683579 (base 10) to base 3.
1021201200202
Convert 12600515 (base 7) to base 13.
317c72
-340a3 (base 16) to base 14
-57975
Convert -45530323 (base 6) to base 7.
-14602503
-2507172 (base 8) to base 12
-29444a
20c56 (base 14) to base 12
39a50
2d35b (base 15) to base 10
145886
130805 (base 9) to base 8
233031
100001010001100010 (base 2) to base 5
13330130
-ab345 (base 14) to base 2
-1100101010100010001
111020003 (base 4) to base 12
420ab
-2356133 (base 7) to base 10
-299855
33223002233 (base 4) to base 2
1111101011000010101111
-47043436 (base 8) to base 6
-1003303502
164b6 (base 14) to base 2
1101101000010000
What is 21010 (base 5) in base 11?
1045
2f0655 (base 16) to base 11
1815459
Convert 3562221 (base 13) to base 12.
5644189
What is -475453 (base 8) in base 12?
-7a123
-11333212 (base 5) to base 12
-51020
What is -2122201012111 (base 3) in base 6?
-50130404
What is 1044240 (base 5) in base 4?
10210013
-57ba8 (base 13) to base 2
-100111000110110101
-1d354 (base 16) to base 10
-119636
What is 30233 (base 6) in base 14?
1645
What is 13030102013 (base 4) in base 8?
7142207
-4127224 (base 8) to base 15
-168de8
Convert -220120120 (base 3) to base 6.
-214540
Convert 5171a (base 15) to base 16.
3f034
What is 18b5176 (base 13) in base 8?
36770317
What is 222212020210 (base 3) in base 10?
528708
Convert -4734b (base 12) to base 8.
-272453
What is -5004a (base 16) in base 3?
-121122121001
Convert -11021221221 (base 3) to base 11.
-58570
Convert -3520236 (base 7) to base 14.
-b708d
What is -652548 (base 9) in base 10?
-389006
-78584 (base 13) to base 6
-4403212
What is -11471503 (base 8) in base 9?
-4660551
Convert 1101010001011011001 (base 2) to base 10.
434905
Convert -200021013331 (base 4) to base 6.
-500333101
What is 99061 (base 14) in base 6?
11535221
-d7d42 (base 16) to base 4
-3113311002
Convert -117733 (base 9) to base 2.
-10001011010001110
Convert -1b34d0 (base 14) to base 10.
-969598
19aa1 (base 12) to base 13
142c6
-46dcb (base 15) to base 4
-313021022
Convert -603302 (base 8) to base 14.
-523d0
-3252403 (base 9) to base 5
-421401021
What is -456243 (base 8) in base 10?
-154787
-17224636 (base 8) to base 12
-1413792
Convert -59cb6 (base 14) to base 3.
-102010210210
Convert -35a78 (base 15) to base 13.
-5cb67
902219 (base 10) to base 8
3342113
What is 3501750 (base 11) in base 5?
3031402141
What is 221000003122 (base 4) in base 11?
6081250
Convert 1420321303 (base 5) to base 6.
210533315
Convert 156317 (base 9) to base 14.
2723d
-4d191 (base 15) to base 9
-415411
Convert 84192 (base 12) to base 13.
609cb
-23000312232 (base 4) to base 7
-33353106
What is 44a09 (base 11) in base 2?
1111111001010011
What is -22233244 (base 5) in base 11?
-12434a
What is -9458 (base 12) in base 2?
-11111101000100
5332341 (base 7) to base 11
401998
What is 11121220110001 (base 3) in base 4?
21120032101
Convert -100020011222012 (base 3) to base 10.
-4904690
What is 11011001011110111010 (base 2) in base 14?
1928d4
3374523 (base 8) to base 6
31343443
What is 10402001 (base 5) in base 12?
44710
-73588 (base 15) to base 2
-1011001010010111001
What is -200003020 (base 4) in base 16?
-200c8
What is -100003130 (base 4) in base 11?
-45449
What is -1100110101100011 (base 2) in base 12?
-26517
What is -233200333 (base 4) in base 10?
-194623
-503531443 (base 6) to base 13
-1a15b47
-106852 (base 11) to base 7
-1305544
What is 102712 (base 10) in base 9?
165804
What is 160565 (base 7) in base 12?
16295
What is 1aee5 (base 16) in base 6?
2210405
Convert 30443661 (base 7) to base 10.
2548827
What is 10155225 (base 8) in base 10?
2153109
-1120201112222 (base 3) to base 11
-5248a2
What is -45947 (base 15) in base 10?
-221467
What is -103103231001 (base 4) in base 3?
-100112010222210
Convert -9a236 (base 13) to base 14.
-73b74
What is c944 (base 14) in base 16?
87c0
What is 100311112031 (base 4) in base 9?
8265215
-2321430142 (base 5) to base 7
-62514112
Convert -58b71 (base 12) to base 14.
-31605
Convert -64442543 (base 7) to base 10.
-5489648
4023020402 (base 5) to base 4
132211101101
28008 (base 12) to base 4
31200020
What is -10102432 (base 6) in base 5?
-33211213
-4693 (base 15) to base 9
-22503
-2022102021 (base 3) to base 15
-d737
What is 1100110010010001000 (base 2) in base 5?
101401302
What is 178771 (base 12) in base 11?
25a239
Convert 2948159 (base 12) to base 8.
37543325
-101001011011101 (base 2) to base 16
-52dd
Convert 26607 (base 13) to base 3.
10121211200
Convert 1343257 (base 8) to base 6.
12040303
Convert 133051040 (base 6) to base 8.
12127200
-22110200 (base 3) to base 2
-1100000011110
What is -165756 (base 14) in base 16?
-bf480
Convert -5882b5 (base 15) to base 2.
-10000001000100101110111
7b73 (base 13) to base 16
43b4
What is 30030300120 (base 4) in base 7?
36116355
Convert -123 (base 6) to base 13.
-3c
What is -8da12 (base 15) in base 9?
-756758
Convert -30603054 (base 7) to base 14.
-4ad72b
What is 244313 (base 11) in base 12?
167713
Convert 231012444 (base 5) to base 16.
fc039
What is -20100001 (base 5) in base 3?
-22002121211
238943 (base 11) to base 15
76e24
100041503 (base 6) to base 15
2344b9
Convert 132112012 (base 4) to base 16.
1e586
Convert 212022101021120 (base 3) to base 13.
274984b
Convert -476253 (base 8) to base 5.
-20203422
What is -20201120102120 (base 3) in base 12?
-1244266
What is 4218150 (base 9) in base 2?
1000100110110111111101
-22521 (base 15) to base 2
-11010101001100100
Convert -20301210 (base 4) to base 8.
-106144
Convert -b6683 (base 12) to base 8.
-723503
Convert -14aa238 (base 12) to base 15.
-58148e
2106053 (base 7) to base 15
504bb
Convert 131324 (base 9) to base 2.
10011011101101110
Convert 1fef2 (b